40 = 16. Calculate the remainder when 60 is divided by w.
4
Suppose 4*v + m - 21 = -4*m, v + 5*m = -6. Suppose -96 = -4*f - 2*c, -3*f + 0*f = 4*c - 62. Calculate the remainder when f is divided by v.
8
Suppose -j + 0 + 23 = 2*t, -3*t - 3*j + 39 = 0. Calculate the remainder when 38 is divided by t.
8
Suppose 0 = 2*f, -2*o - f + 4 = -5*f. Calculate the remainder when 14 is divided by o.
0
Let p(i) = -i**3 - 10*i**2 - 9*i + 13. What is the remainder when 47 is divided by p(-9)?
8
Suppose -4*o - 1 = -5*o - 3*l, -3*l = -4*o + 34. Let z be 2 - (2/2 - -15). What is the remainder when 4/14 - 178/z is divided by o?
6
Suppose 0 = -n + 5*n + 5*h - 68, -5*h = 2*n - 44. Let j(m) = m**2 - 3*m - 3. Let a be j(-3). Calculate the remainder when 66/(-4)*(-20)/a is divided by n.
10
Let q be -109 - (-3 - -5) - -3. What is the remainder when (-334)/(-10) - (-4)/(-10) is divided by (2/6)/((-4)/q)?
6
Let l(r) = -r + 20. Let p be l(6). Calculate the remainder when 29 is divided by 2 - -1*(-1 + p).
14
Suppose y = -y + 8. Let c(g) = -1 - 1 + 2*g + 0*g**2 + y*g**2 - 4*g. Calculate the remainder when c(2) is divided by 4.
2
Let a = 17 + 11. What is the remainder when a is divided by 15?
13
Let b be 3/(-15) - (-22)/10. Suppose 3*t - 16 = b. Calculate the remainder when t/(-21) + (-466)/(-14) is divided by 17.
16
Suppose -6 - 54 = -5*i. Let k = 39 + -4. What is the remainder when k is divided by i?
11
Let o(d) = -d**2 + 11*d + 13. Let t be (-42 - -3)/(-3) - 3. What is the remainder when o(t) is divided by 8?
7
Let m = 2 - -21. Calculate the remainder when m is divided by ((-99)/(-44))/((-9)/(-24)).
5
Suppose -5*g + 4*m + 7 = 0, -19 = -0*g - 3*g - 5*m. Suppose -g = -r - 1. Calculate the remainder when 4 is divided by r.
0
Let a(p) = p**2 + 5*p - 1. Let r be a(-4). Let f be (1 - 55)*r/3. Let u = f + -49. Calculate the remainder when u is divided by 21.
20
Suppose -5*z + 5 = -50. What is the remainder when 41 is divided by z?
8
Suppose 4*c - 5*l + 21 = -0*c, -5*c + 2*l = 5. Suppose -n + c = -0*n, -5*n + 155 = 5*g. What is the remainder when g is divided by 16?
14
Suppose b - 100 = -4*b. Calculate the remainder when b is divided by 11.
9
Suppose l - 2*l - 5 = 2*m, 3*l = 4*m - 35. Calculate the remainder when (35/(-3))/(3/l) is divided by 2/((33/(-18))/(-11)).
11
Suppose n + 1 - 47 = 0. What is the remainder when n is divided by (18/(-7))/(9/(-42))?
10
Suppose 0 = -2*l - 2*l + 328. Calculate the remainder when l is divided by 38.
6
Suppose -5*p + p - 36 = 0. Let t = 17 + p. Let n = 2 - -21. Calculate the remainder when n is divided by t.
7
Let g = -205 - -273. What is the remainder when g is divided by 35?
33
Suppose g - 52 = -2*g - 2*w, 4*g + 5*w = 60. Calculate the remainder when 37 is divided by g.
17
Suppose -5*w + 5*o = -4*w - 26, 0 = -w - 4*o + 35. What is the remainder when w is divided by 18?
13
Suppose 5*c - 25 = -2*z, -5*z + 4 + 30 = 3*c. Calculate the remainder when 14 is divided by z.
4
Let g(o) = -o**2 + 12*o - 13. What is the remainder when g(7) is divided by 13?
9
Let x(q) = -q**3 + 9*q**2 + 10*q + 4. Let z be x(10). Let a(y) = y**2 - 3*y + 1. Calculate the remainder when a(z) is divided by 3.
2
Let y(a) = a**2 + a + 5. Let g(c) = 2*c + 6. Let z be g(-5). Calculate the remainder when y(4) is divided by 78/z*4/(-6).
12
Suppose b = 2*j + 9, 5*b + 4*j - 59 = -0*b. Calculate the remainder when 41 is divided by b.
8
Let c = 13 - 18. Let t = c + 10. Suppose -t*o + 75 = 25. What is the remainder when 17 is divided by o?
7
Let f = 0 - -41. Suppose -5*p + 19 = -f. What is the remainder when 11 is divided by (1 + -2)/((-4)/p)?
2
Let z = 18 - 6. Let q(t) = t**2 - 13*t + 15. Suppose -3*b - 5*y + 25 = 2*b, -3*y = -4*b - 1. Calculate the remainder when q(z) is divided by b.
1
Let r(d) = d**3 + 6*d**2 - 3*d + 2. Suppose -3*s + 2*s = 2*q + 14, 3*q = -s - 19. Calculate the remainder when r(q) is divided by 22.
20
Let r = 2 - -2. Suppose -r*m = -25 - 43. Suppose 0 = 3*g - 4*w - 80, -3*g + 14 + 90 = 2*w. Calculate the remainder when g is divided by m.
15
Let c be (-3 + 2)*-3*1. Suppose -107 - 52 = -c*r. What is the remainder when r is divided by 18?
17
Suppose 2*o = -0 + 6. Suppose -6*h + 18 = -o*h. What is the remainder when h is divided by 4?
2
Suppose s = h + 25, -18 + 3 = h + s. Let z = h - -35. Suppose 3 = -2*a + 89. Calculate the remainder when a is divided by z.
13
Suppose 197 = 5*x - 338. What is the remainder when x is divided by 55?
52
Suppose 2*a - 26 = -5*c, 4*c + c + 64 = 3*a. What is the remainder when 34 is divided by a?
16
Suppose 4*m = 5*w - 40, 2 + 6 = w - 4*m. Let t be (2 - 0)*(5 + -3). Suppose -4*r = -16, 12 = -2*s + 4*s - t*r. What is the remainder when s is divided by w?
6
Suppose 2*f + 2 = 10. What is the remainder when f is divided by 3?
1
Let f(p) = p**3 - 15*p**2 + 20*p - 6. What is the remainder when f(14) is divided by 20?
18
Suppose -2*u = 2*u + 36. Let m be 2/u - 6/(-27). Calculate the remainder when 1 - m/(3 + -4) is divided by 1.
0
Let f = -2 + 6. Calculate the remainder when (8 - 1)*(-14 - -15) is divided by f.
3
Let k(t) = 2*t**3 + 4*t**2 + 4*t + 3. Let f be k(-2). Suppose 6*z - 40 = 2*z. Let h = z + f. What is the remainder when 13 is divided by h?
3
Suppose -2*b + 102 = -3*q - 41, -2*q = 4*b - 262. Let s = 94 - b. Calculate the remainder when s is divided by 14.
13
Suppose -372 = -2*h - 16. What is the remainder when (-1)/3 - h/(-3) is divided by 15?
14
Let u be (30/(-9))/((-2)/3). Suppose 0 = 5*c - n + 6*n - 125, -u*c + 125 = -3*n. Let i = 4 + c. Calculate the remainder when i is divided by 10.
9
Let m(d) = -d**2 + 9*d + 9. Calculate the remainder when m(7) is divided by 9.
5
Let m(n) = n**3 + 8*n**2 - 8*n + 13. Calculate the remainder when 12 is divided by m(-9).
0
Suppose -33 = -3*m - 3. Calculate the remainder when 39 is divided by m.
9
Suppose -5*x + 47 = -3*p + 148, 0 = -5*x + p - 97. Let s = x - -26. Calculate the remainder when 20 is divided by s.
6
Let f = -41 - -24. Let o = f + 25. What is the remainder when 22 is divided by o?
6
Suppose -3*o + 3*r + 31 = -38, 2*o + 4*r - 58 = 0. What is the remainder when 224 is divided by o?
24
Let i(g) = g + 4. Calculate the remainder when 2 is divided by i(-2).
0
Calculate the remainder when 250/4 - (-7)/(-14) is divided by 21.
20
Let k(o) = -o**3 + 9*o**2 - o + 11. Suppose 4*z + 9 = v, 4*v + 5*z - 9 = 27. Let w = 17 - 12. Calculate the remainder when w is divided by k(v).
1
Suppose -5*k + 10*k = 55. Let c(i) = 2*i - 14. What is the remainder when 14 is divided by c(k)?
6
Let w = 3 - 1. Suppose -88 = -4*j + w*z, 117 = 5*j + 5*z - 23. Calculate the remainder when j is divided by 13.
11
Suppose -z + 4*z = 9. Suppose 0 = -4*c + z*k + 76, 2*c - 4*c = -4*k - 48. Calculate the remainder when c is divided by 9.
7
Suppose -7*k + 18 = -4*k. What is the remainder when 27 is divided by k?
3
Let a be -3*7/6*-8. Let w = a - 14. What is the remainder when 41 is divided by w?
13
Let t be 44/8 - (-2)/4. Let g(d) = -d**2 + 8*d - 6. Suppose -c - 3*w + 22 = -5*w, c - 3*w = 25. What is the remainder when c is divided by g(t)?
4
Let j be (-1 + -5)*(5 - 4). What is the remainder when j/(-12) + (-190)/(-4) is divided by 25?
23
Let j be (1*-87)/3*1. Let d = -8 - -19. Calculate the remainder when j/(-1 + 0) + 2 is divided by d.
9
Let z be 17/(-2) + 1/2. Let h = -27 - z. Let f = h + 28. What is the remainder when 17 is divided by f?
8
Let l = 1 - 1. Suppose u - 2*i - 24 = 0, 3*u + l*i = 3*i + 84. Calculate the remainder when 13 is divided by (-2)/8 + 264/u.
5
Let s be 141/21 + (-4)/(-14). Suppose 2*b = 150 - 56. Let a = b - s. What is the remainder when a is divided by 14?
12
Let o(q) = 2*q**2 + 2*q + 2. Let r be o(-2). What is the remainder when (5 - -13)*2/r is divided by 3?
0
Let g(d) = -d**2 + 12*d - 13. Calculate the remainder when g(9) is divided by 4.
2
Let o be (34/(-3))/(3/(-9)). Suppose -5*g + j + 161 = 0, -o = -g + 5*j + 3. Let c = -7 + 18. Calculate the remainder when g is divided by c.
10
Calculate the remainder when ((-8)/2)/((-20)/15) is divided by 2/(-9) - 87/(-27).
0
Let r = -63 - -81. What is the remainder when 25 is divided by r?
7
Calculate the remainder when (-2)/(-6) - 113/(-3) is divided by 10.
8
Let q = -3 - -3. Suppose q = 8*f - 7*f - 15. What is the remainder when f is divided by 1/((6/16)/3)?
